{"id":909,"date":"2024-08-02T09:40:32","date_gmt":"2024-08-02T09:40:32","guid":{"rendered":"https:\/\/192.168.1.207\/wordpress\/?page_id=909"},"modified":"2025-06-18T10:23:52","modified_gmt":"2025-06-18T08:23:52","slug":"agenda","status":"publish","type":"page","link":"https:\/\/bodbod.dscloud.biz\/wordpress\/agenda\/","title":{"rendered":"Agenda"},"content":{"rendered":"\n<p>Veuillez trouver ci-dessous un r\u00e9sum\u00e9 de la journ\u00e9e du mariage afin d&rsquo;avoir une vision globale de son d\u00e9roulement ainsi que quelques informations d&rsquo;ordre pratique :<\/p>\n\n\n\n<div class=\"wp-block-uagb-container uagb-block-f220aad2 alignfull uagb-is-root-container\"><div class=\"uagb-container-inner-blocks-wrap\">\n<div class=\"wp-block-uagb-container uagb-block-2f78df9f\">\n<h2 class=\"wp-block-heading has-text-align-center\">C\u00e9r\u00e9monie<\/h2>\n\n\n\n<p class=\"has-text-align-center\">Celle-ci d\u00e9butera \u00e0 16h00 dans la chapelle du Castillo de Tamarit. Pas besoin de r\u00e9viser votre espagnol, le pr\u00eatre parle fran\u00e7ais normalement. Dur\u00e9e estim\u00e9e de 50min. <strong>Venez pour<\/strong> <strong>15h30<\/strong>.<\/p>\n\n\n      \n\t\t\t<div class=\"uagb-icon-wrapper uagb-block-b2612209      \"\n\t\t\tstyle=\"\" >\n\t\t\t\t\t\t\t\t\t<span class=\"uagb-svg-wrapper\" \n\t\t\t\t\t aria-label=\"church\"\t\t\t\t\ttabindex=\"0\">\t\t\n\t\t\t\t\t\t\t\t\t\t<svg xmlns=\"https:\/\/www.w3.org\/2000\/svg\" viewBox= \"0 0 640 512\" role=\"graphics-symbol\" aria-hidden=\"false\" aria-label=\"\"><path d=\"M344 48H376C389.3 48 400 58.75 400 72C400 85.25 389.3 96 376 96H344V142.4L456.7 210C471.2 218.7 480 234.3 480 251.2V512H384V416C384 380.7 355.3 352 320 352C284.7 352 256 380.7 256 416V512H160V251.2C160 234.3 168.8 218.7 183.3 210L296 142.4V96H264C250.7 96 240 85.25 240 72C240 58.75 250.7 48 264 48H296V24C296 10.75 306.7 0 320 0C333.3 0 344 10.75 344 24V48zM24.87 330.3L128 273.6V512H48C21.49 512 0 490.5 0 464V372.4C0 354.9 9.53 338.8 24.87 330.3V330.3zM592 512H512V273.6L615.1 330.3C630.5 338.8 640 354.9 640 372.4V464C640 490.5 618.5 512 592 512V512z\"><\/path><\/svg>\n\t\t\t\t\t\t\t\t\t<\/span>\n\t\t\t\t\t\t\t<\/div>\n\t\t\t\n\n\n<hr class=\"wp-block-separator has-alpha-channel-opacity\"\/>\n<\/div>\n\n\n\n<div class=\"wp-block-uagb-container uagb-block-b039966f\">\n<h2 class=\"wp-block-heading has-text-align-center\">Cocktail<\/h2>\n\n\n\n<p class=\"has-text-align-center\">D\u00e9but des festivit\u00e9s \u00e0 partir de 17h00 dans les jardins du Castillo. Musique &amp; cocktail pour s&rsquo;ambiancer un peu, amis musiciens, ramenez vos instruments !<\/p>\n\n\n      \n\t\t\t<div class=\"uagb-icon-wrapper uagb-block-2edd235e      \"\n\t\t\tstyle=\"\" >\n\t\t\t\t\t\t\t\t\t<span class=\"uagb-svg-wrapper\" \n\t\t\t\t\t aria-label=\"martini-glass\"\t\t\t\t\ttabindex=\"0\">\t\t\n\t\t\t\t\t\t\t\t\t\t<svg xmlns=\"https:\/\/www.w3.org\/2000\/svg\" viewBox= \"0 0 512 512\" role=\"graphics-symbol\" aria-hidden=\"false\" aria-label=\"\"><path d=\"M502 57.63C523.3 36.38 508.3 0 478.3 0H33.72C3.711 0-11.29 36.38 9.962 57.63l214 214V448H175.1c-26.51 0-47.1 21.49-47.1 48c0 8.836 7.164 16 16 16h224c8.836 0 16-7.164 16-16c0-26.51-21.49-48-48-48h-47.1V271.6L502 57.63zM405.1 64l-64.01 64H170.9L106.9 64H405.1z\"><\/path><\/svg>\n\t\t\t\t\t\t\t\t\t<\/span>\n\t\t\t\t\t\t\t<\/div>\n\t\t\t\n\n\n<hr class=\"wp-block-separator has-alpha-channel-opacity\"\/>\n<\/div>\n\n\n\n<div class=\"wp-block-uagb-container uagb-block-3ab47d97\">\n<h2 class=\"wp-block-heading has-text-align-center\">D\u00eener<\/h2>\n\n\n\n<p class=\"has-text-align-center\">Apr\u00e8s cette petite mise en bouche, tous les invit\u00e9s seront convi\u00e9s \u00e0 rejoindre leur place \u00e0 leur table dans la cour sup\u00e9rieure du Castillo vers 19h00. Repas traditionnel local et musique d&rsquo;ambiance.<\/p>\n\n\n      \n\t\t\t<div class=\"uagb-icon-wrapper uagb-block-f25b6787      \"\n\t\t\tstyle=\"\" >\n\t\t\t\t\t\t\t\t\t<span class=\"uagb-svg-wrapper\" \n\t\t\t\t\t aria-label=\"burger\"\t\t\t\t\ttabindex=\"0\">\t\t\n\t\t\t\t\t\t\t\t\t\t<svg xmlns=\"https:\/\/www.w3.org\/2000\/svg\" viewBox= \"0 0 512 512\" role=\"graphics-symbol\" aria-hidden=\"false\" aria-label=\"\"><path d=\"M481.9 270.1C490.9 279.1 496 291.3 496 304C496 316.7 490.9 328.9 481.9 337.9C472.9 346.9 460.7 352 448 352H64C51.27 352 39.06 346.9 30.06 337.9C21.06 328.9 16 316.7 16 304C16 291.3 21.06 279.1 30.06 270.1C39.06 261.1 51.27 256 64 256H448C460.7 256 472.9 261.1 481.9 270.1zM475.3 388.7C478.3 391.7 480 395.8 480 400V416C480 432.1 473.3 449.3 461.3 461.3C449.3 473.3 432.1 480 416 480H96C79.03 480 62.75 473.3 50.75 461.3C38.74 449.3 32 432.1 32 416V400C32 395.8 33.69 391.7 36.69 388.7C39.69 385.7 43.76 384 48 384H464C468.2 384 472.3 385.7 475.3 388.7zM50.39 220.8C45.93 218.6 42.03 215.5 38.97 211.6C35.91 207.7 33.79 203.2 32.75 198.4C31.71 193.5 31.8 188.5 32.99 183.7C54.98 97.02 146.5 32 256 32C365.5 32 457 97.02 479 183.7C480.2 188.5 480.3 193.5 479.2 198.4C478.2 203.2 476.1 207.7 473 211.6C469.1 215.5 466.1 218.6 461.6 220.8C457.2 222.9 452.3 224 447.3 224H64.67C59.73 224 54.84 222.9 50.39 220.8zM372.7 116.7C369.7 119.7 368 123.8 368 128C368 131.2 368.9 134.3 370.7 136.9C372.5 139.5 374.1 141.6 377.9 142.8C380.8 143.1 384 144.3 387.1 143.7C390.2 143.1 393.1 141.6 395.3 139.3C397.6 137.1 399.1 134.2 399.7 131.1C400.3 128 399.1 124.8 398.8 121.9C397.6 118.1 395.5 116.5 392.9 114.7C390.3 112.9 387.2 111.1 384 111.1C379.8 111.1 375.7 113.7 372.7 116.7V116.7zM244.7 84.69C241.7 87.69 240 91.76 240 96C240 99.16 240.9 102.3 242.7 104.9C244.5 107.5 246.1 109.6 249.9 110.8C252.8 111.1 256 112.3 259.1 111.7C262.2 111.1 265.1 109.6 267.3 107.3C269.6 105.1 271.1 102.2 271.7 99.12C272.3 96.02 271.1 92.8 270.8 89.88C269.6 86.95 267.5 84.45 264.9 82.7C262.3 80.94 259.2 79.1 256 79.1C251.8 79.1 247.7 81.69 244.7 84.69V84.69zM116.7 116.7C113.7 119.7 112 123.8 112 128C112 131.2 112.9 134.3 114.7 136.9C116.5 139.5 118.1 141.6 121.9 142.8C124.8 143.1 128 144.3 131.1 143.7C134.2 143.1 137.1 141.6 139.3 139.3C141.6 137.1 143.1 134.2 143.7 131.1C144.3 128 143.1 124.8 142.8 121.9C141.6 118.1 139.5 116.5 136.9 114.7C134.3 112.9 131.2 111.1 128 111.1C123.8 111.1 119.7 113.7 116.7 116.7L116.7 116.7z\"><\/path><\/svg>\n\t\t\t\t\t\t\t\t\t<\/span>\n\t\t\t\t\t\t\t<\/div>\n\t\t\t\n\n\n<hr class=\"wp-block-separator has-alpha-channel-opacity\"\/>\n<\/div>\n\n\n\n<div class=\"wp-block-uagb-container uagb-block-537c8834\">\n<h2 class=\"wp-block-heading has-text-align-center\">Fiesta !<\/h2>\n\n\n\n<p class=\"has-text-align-center\">En fonction du d\u00e9roulement du repas, nous pourrons passer dans la salle r\u00e9serv\u00e9e \u00e0 cet effet \u00e0 partir de 21h30. Au programme, DJ, fiesta et open bar pendant 2h30. Fin des hostilit\u00e9s \u00e0 3h00 du matin.<\/p>\n\n\n      \n\t\t\t<div class=\"uagb-icon-wrapper uagb-block-54e678d7      \"\n\t\t\tstyle=\"\" >\n\t\t\t\t\t\t\t\t\t<span class=\"uagb-svg-wrapper\" \n\t\t\t\t\t aria-label=\"people-robbery\"\t\t\t\t\ttabindex=\"0\">\t\t\n\t\t\t\t\t\t\t\t\t\t<svg xmlns=\"https:\/\/www.w3.org\/2000\/svg\" viewBox= \"0 0 576 512\" role=\"graphics-symbol\" aria-hidden=\"false\" aria-label=\"\"><path d=\"M496.1 24.24C501.2 7.093 518.6-3.331 535.8 .9552C552.9 5.242 563.3 22.62 559 39.76L550.3 74.63C539.3 118.6 510.1 154.2 472 174.3V480C472 497.7 457.7 512 440 512C422.3 512 408 497.7 408 480V352H392V480C392 497.7 377.7 512 360 512C342.3 512 328 497.7 328 480V174.3C289.9 154.2 260.7 118.6 249.7 74.63L240.1 39.76C236.7 22.62 247.1 5.242 264.2 .9552C281.4-3.331 298.8 7.093 303 24.24L311.8 59.1C321.9 99.59 358.3 127.1 400 127.1C441.7 127.1 478.1 99.59 488.2 59.1L496.1 24.24zM352 47.1C352 21.49 373.5-.0006 400-.0006C426.5-.0006 448 21.49 448 47.1C448 74.51 426.5 95.1 400 95.1C373.5 95.1 352 74.51 352 47.1V47.1zM32.01 48C32.01 21.49 53.5 0 80.01 0C106.5 0 128 21.49 128 48C128 74.51 106.5 96 80.01 96C53.5 96 32.01 74.51 32.01 48V48zM104.7 128C132.1 128 157.6 142 172.2 165.1L209.6 224H240C257.7 224 272 238.3 272 256C272 273.7 257.7 288 240 288H192C181 288 170.9 282.4 164.1 273.1L152 252.7V480C152 497.7 137.7 512 120 512C102.3 512 88 497.7 88 480V352H72V480C72 497.7 57.68 512 40 512C22.33 512 8.005 497.7 8.005 480V288.6L8 287.1V191.1C8 156.7 36.65 127.1 72 127.1L104.7 128z\"><\/path><\/svg>\n\t\t\t\t\t\t\t\t\t<\/span>\n\t\t\t\t\t\t\t<\/div>\n\t\t\t\n\n\n<hr class=\"wp-block-separator has-alpha-channel-opacity\"\/>\n<\/div>\n<\/div><\/div>\n","protected":false},"excerpt":{"rendered":"<p>Veuillez trouver ci-dessous un r\u00e9sum\u00e9 de la journ\u00e9e du mariage afin d&rsquo;avoir une vision globale de son d\u00e9roulement ainsi que quelques informations d&rsquo;ordre pratique : C\u00e9r\u00e9monie Celle-ci d\u00e9butera \u00e0 16h00 dans la chapelle du Castillo de Tamarit. Pas besoin de r\u00e9viser votre espagnol, le pr\u00eatre parle fran\u00e7ais normalement. Dur\u00e9e estim\u00e9e de 50min. Venez pour 15h30. [&hellip;]<\/p>\n","protected":false},"author":1,"featured_media":0,"parent":0,"menu_order":0,"comment_status":"closed","ping_status":"closed","template":"","meta":{"_uag_custom_page_level_css":"","site-sidebar-layout":"default","site-content-layout":"","ast-site-content-layout":"default","site-content-style":"default","site-sidebar-style":"default","ast-global-header-display":"","ast-banner-title-visibility":"","ast-main-header-display":"","ast-hfb-above-header-display":"","ast-hfb-below-header-display":"","ast-hfb-mobile-header-display":"","site-post-title":"","ast-breadcrumbs-content":"","ast-featured-img":"","footer-sml-layout":"","theme-transparent-header-meta":"","adv-header-id-meta":"","stick-header-meta":"","header-above-stick-meta":"","header-main-stick-meta":"","header-below-stick-meta":"","astra-migrate-meta-layouts":"set","ast-page-background-enabled":"default","ast-page-background-meta":{"desktop":{"background-color":"var(--ast-global-color-4)","background-image":"","background-repeat":"repeat","background-position":"center center","background-size":"auto","background-attachment":"scroll","background-type":"","background-media":"","overlay-type":"","overlay-color":"","overlay-opacity":"","overlay-gradient":""},"tablet":{"background-color":"","background-image":"","background-repeat":"repeat","background-position":"center center","background-size":"auto","background-attachment":"scroll","background-type":"","background-media":"","overlay-type":"","overlay-color":"","overlay-opacity":"","overlay-gradient":""},"mobile":{"background-color":"","background-image":"","background-repeat":"repeat","background-position":"center center","background-size":"auto","background-attachment":"scroll","background-type":"","background-media":"","overlay-type":"","overlay-color":"","overlay-opacity":"","overlay-gradient":""}},"ast-content-background-meta":{"desktop":{"background-color":"var(--ast-global-color-5)","background-image":"","background-repeat":"repeat","background-position":"center center","background-size":"auto","background-attachment":"scroll","background-type":"","background-media":"","overlay-type":"","overlay-color":"","overlay-opacity":"","overlay-gradient":""},"tablet":{"background-color":"var(--ast-global-color-5)","background-image":"","background-repeat":"repeat","background-position":"center center","background-size":"auto","background-attachment":"scroll","background-type":"","background-media":"","overlay-type":"","overlay-color":"","overlay-opacity":"","overlay-gradient":""},"mobile":{"background-color":"var(--ast-global-color-5)","background-image":"","background-repeat":"repeat","background-position":"center center","background-size":"auto","background-attachment":"scroll","background-type":"","background-media":"","overlay-type":"","overlay-color":"","overlay-opacity":"","overlay-gradient":""}},"footnotes":""},"class_list":["post-909","page","type-page","status-publish","hentry"],"aioseo_notices":[],"uagb_featured_image_src":{"full":false,"thumbnail":false,"medium":false,"medium_large":false,"large":false,"1536x1536":false,"2048x2048":false,"menu-thumb":false},"uagb_author_info":{"display_name":"josepclave@outlook.com","author_link":"https:\/\/bodbod.dscloud.biz\/wordpress\/author\/josepclaveoutlook-com\/"},"uagb_comment_info":0,"uagb_excerpt":"Veuillez trouver ci-dessous un r\u00e9sum\u00e9 de la journ\u00e9e du mariage afin d&rsquo;avoir une vision globale de son d\u00e9roulement ainsi que quelques informations d&rsquo;ordre pratique : C\u00e9r\u00e9monie Celle-ci d\u00e9butera \u00e0 16h00 dans la chapelle du Castillo de Tamarit. Pas besoin de r\u00e9viser votre espagnol, le pr\u00eatre parle fran\u00e7ais normalement. Dur\u00e9e estim\u00e9e de 50min. Venez pour 15h30.\u2026","_links":{"self":[{"href":"https:\/\/bodbod.dscloud.biz\/wordpress\/wp-json\/wp\/v2\/pages\/909","targetHints":{"allow":["GET"]}}],"collection":[{"href":"https:\/\/bodbod.dscloud.biz\/wordpress\/wp-json\/wp\/v2\/pages"}],"about":[{"href":"https:\/\/bodbod.dscloud.biz\/wordpress\/wp-json\/wp\/v2\/types\/page"}],"author":[{"embeddable":true,"href":"https:\/\/bodbod.dscloud.biz\/wordpress\/wp-json\/wp\/v2\/users\/1"}],"replies":[{"embeddable":true,"href":"https:\/\/bodbod.dscloud.biz\/wordpress\/wp-json\/wp\/v2\/comments?post=909"}],"version-history":[{"count":14,"href":"https:\/\/bodbod.dscloud.biz\/wordpress\/wp-json\/wp\/v2\/pages\/909\/revisions"}],"predecessor-version":[{"id":1143,"href":"https:\/\/bodbod.dscloud.biz\/wordpress\/wp-json\/wp\/v2\/pages\/909\/revisions\/1143"}],"wp:attachment":[{"href":"https:\/\/bodbod.dscloud.biz\/wordpress\/wp-json\/wp\/v2\/media?parent=909"}],"curies":[{"name":"wp","href":"https:\/\/api.w.org\/{rel}","templated":true}]}}