{"id":900,"date":"2024-08-01T17:00:38","date_gmt":"2024-08-01T17:00:38","guid":{"rendered":"https:\/\/192.168.1.207\/wordpress\/?page_id=900"},"modified":"2025-06-19T16:45:52","modified_gmt":"2025-06-19T14:45:52","slug":"brunch","status":"publish","type":"page","link":"https:\/\/bodbod.dscloud.biz\/wordpress\/brunch\/","title":{"rendered":"Retour de Mariage \/ Brunch"},"content":{"rendered":"\n<p>Nous avons organis\u00e9 un brunch pour le retour du mariage, ceux qui souhaitent y participer pourront nous rejoindre \u00e0 l&rsquo;h\u00f4tel <strong>Altafulla Mar Hotel<\/strong>. Si cela n&rsquo;est pas encore fait, veuillez indiquer les informations ci-dessous.<\/p>\n\n\n\n<p>Veuillez noter que le brunch commencera <strong>\u00e0 partir de 12h30<\/strong>.<\/p>\n\n\n<div class=\"wpforms-container wpforms-block wpforms-block-4d384ea9-6046-429b-b8be-7f045479fa0b\" id=\"wpforms-998\"><form id=\"wpforms-form-998\" class=\"wpforms-validate wpforms-form wpforms-ajax-form\" data-formid=\"998\" method=\"post\" enctype=\"multipart\/form-data\" action=\"\/wordpress\/wp-json\/wp\/v2\/pages\/900\" data-token=\"b283e37c45687c60a4ed36232aa337ab\" data-token-time=\"1778063688\"><noscript class=\"wpforms-error-noscript\">Veuillez activer JavaScript dans votre navigateur pour remplir ce formulaire.<\/noscript><div class=\"wpforms-field-container\"><div id=\"wpforms-998-field_1-container\" class=\"wpforms-field wpforms-field-name\" data-field-id=\"1\"><label class=\"wpforms-field-label\">Nom <span class=\"wpforms-required-label\">*<\/span><\/label><div class=\"wpforms-field-row wpforms-field-medium\"><div class=\"wpforms-field-row-block wpforms-first wpforms-one-half\"><input type=\"text\" id=\"wpforms-998-field_1\" class=\"wpforms-field-name-first wpforms-field-required\" name=\"wpforms[fields][1][first]\" required><label for=\"wpforms-998-field_1\" class=\"wpforms-field-sublabel after\">Pr\u00e9nom<\/label><\/div><div class=\"wpforms-field-row-block wpforms-one-half\"><input type=\"text\" id=\"wpforms-998-field_1-last\" class=\"wpforms-field-name-last wpforms-field-required\" name=\"wpforms[fields][1][last]\" required><label for=\"wpforms-998-field_1-last\" class=\"wpforms-field-sublabel after\">Nom<\/label><\/div><\/div><\/div><div id=\"wpforms-998-field_8-container\" class=\"wpforms-field wpforms-field-email\" data-field-id=\"8\"><label class=\"wpforms-field-label\" for=\"wpforms-998-field_8\">Email <span class=\"wpforms-required-label\">*<\/span><\/label><input type=\"email\" id=\"wpforms-998-field_8\" class=\"wpforms-field-medium wpforms-field-required\" name=\"wpforms[fields][8]\" spellcheck=\"false\" required><\/div><div id=\"wpforms-998-field_4-container\" class=\"wpforms-field wpforms-field-radio\" data-field-id=\"4\"><label class=\"wpforms-field-label\">Serez-vous pr\u00e9sent(s) au Brunch ? <span class=\"wpforms-required-label\">*<\/span><\/label><ul id=\"wpforms-998-field_4\" class=\"wpforms-field-required\"><li class=\"choice-1 depth-1\"><input type=\"radio\" id=\"wpforms-998-field_4_1\" name=\"wpforms[fields][4]\" value=\"Yes\" required ><label class=\"wpforms-field-label-inline\" for=\"wpforms-998-field_4_1\">Yes<\/label><\/li><li class=\"choice-2 depth-1\"><input type=\"radio\" id=\"wpforms-998-field_4_2\" name=\"wpforms[fields][4]\" value=\"No\" required ><label class=\"wpforms-field-label-inline\" for=\"wpforms-998-field_4_2\">No<\/label><\/li><\/ul><\/div><div id=\"wpforms-998-field_6-container\" class=\"wpforms-field wpforms-field-select wpforms-field-select-style-classic\" data-field-id=\"6\"><label class=\"wpforms-field-label\" for=\"wpforms-998-field_6\">Combien de personnes serez-vous ? <span class=\"wpforms-required-label\">*<\/span><\/label><select id=\"wpforms-998-field_6\" class=\"wpforms-field-medium wpforms-field-required\" name=\"wpforms[fields][6]\" required=\"required\"><option value=\"0\" >0<\/option><option value=\"1 (solo)\" >1 (solo)<\/option><option value=\"2 (en couple)\" >2 (en couple)<\/option><option value=\"&gt;2 (merci d&#039;indiquer le nombre et pr\u00e9nom(s) dans les commentaires)\" >&gt;2 (merci d&#039;indiquer le nombre et pr\u00e9nom(s) dans les commentaires)<\/option><\/select><\/div><div id=\"wpforms-998-field_7-container\" class=\"wpforms-field wpforms-field-textarea\" data-field-id=\"7\"><label class=\"wpforms-field-label\" for=\"wpforms-998-field_7\">Commentaires additionnels (allergies, intol\u00e9rances, autres&#8230;)<\/label><textarea id=\"wpforms-998-field_7\" class=\"wpforms-field-medium\" name=\"wpforms[fields][7]\" ><\/textarea><\/div><\/div><!-- .wpforms-field-container --><div class=\"wpforms-submit-container\" ><input type=\"hidden\" name=\"wpforms[id]\" value=\"998\"><input type=\"hidden\" name=\"page_title\" value=\"\"><input type=\"hidden\" name=\"page_url\" value=\"https:\/\/bodbod.dscloud.biz\/wordpress\/wp-json\/wp\/v2\/pages\/900\"><input type=\"hidden\" name=\"url_referer\" value=\"\"><button type=\"submit\" name=\"wpforms[submit]\" id=\"wpforms-submit-998\" class=\"wpforms-submit\" data-alt-text=\"Envoi en cours...\" data-submit-text=\"Envoyer\" aria-live=\"assertive\" value=\"wpforms-submit\">Envoyer<\/button><img loading=\"lazy\" decoding=\"async\" src=\"https:\/\/bodbod.dscloud.biz\/wordpress\/wp-content\/plugins\/wpforms-lite\/assets\/images\/submit-spin.svg\" class=\"wpforms-submit-spinner\" style=\"display: none;\" width=\"26\" height=\"26\" alt=\"Chargement en cours\"><\/div><\/form><\/div>  <!-- .wpforms-container -->\n\n\n<div class=\"wp-block-uagb-container uagb-block-a3363217 alignfull uagb-is-root-container\"><div class=\"uagb-container-inner-blocks-wrap\"><\/div><\/div>\n","protected":false},"excerpt":{"rendered":"<p>Nous avons organis\u00e9 un brunch pour le retour du mariage, ceux qui souhaitent y participer pourront nous rejoindre \u00e0 l&rsquo;h\u00f4tel Altafulla Mar Hotel. Si cela n&rsquo;est pas encore fait, veuillez indiquer les informations ci-dessous. Veuillez noter que le brunch commencera \u00e0 partir de 12h30.<\/p>\n","protected":false},"author":1,"featured_media":0,"parent":0,"menu_order":0,"comment_status":"closed","ping_status":"closed","template":"","meta":{"_uag_custom_page_level_css":"","site-sidebar-layout":"default","site-content-layout":"","ast-site-content-layout":"default","site-content-style":"default","site-sidebar-style":"default","ast-global-header-display":"","ast-banner-title-visibility":"","ast-main-header-display":"","ast-hfb-above-header-display":"","ast-hfb-below-header-display":"","ast-hfb-mobile-header-display":"","site-post-title":"","ast-breadcrumbs-content":"","ast-featured-img":"","footer-sml-layout":"","theme-transparent-header-meta":"","adv-header-id-meta":"","stick-header-meta":"","header-above-stick-meta":"","header-main-stick-meta":"","header-below-stick-meta":"","astra-migrate-meta-layouts":"set","ast-page-background-enabled":"default","ast-page-background-meta":{"desktop":{"background-color":"var(--ast-global-color-4)","background-image":"","background-repeat":"repeat","background-position":"center center","background-size":"auto","background-attachment":"scroll","background-type":"","background-media":"","overlay-type":"","overlay-color":"","overlay-opacity":"","overlay-gradient":""},"tablet":{"background-color":"","background-image":"","background-repeat":"repeat","background-position":"center center","background-size":"auto","background-attachment":"scroll","background-type":"","background-media":"","overlay-type":"","overlay-color":"","overlay-opacity":"","overlay-gradient":""},"mobile":{"background-color":"","background-image":"","background-repeat":"repeat","background-position":"center center","background-size":"auto","background-attachment":"scroll","background-type":"","background-media":"","overlay-type":"","overlay-color":"","overlay-opacity":"","overlay-gradient":""}},"ast-content-background-meta":{"desktop":{"background-color":"var(--ast-global-color-5)","background-image":"","background-repeat":"repeat","background-position":"center center","background-size":"auto","background-attachment":"scroll","background-type":"","background-media":"","overlay-type":"","overlay-color":"","overlay-opacity":"","overlay-gradient":""},"tablet":{"background-color":"var(--ast-global-color-5)","background-image":"","background-repeat":"repeat","background-position":"center center","background-size":"auto","background-attachment":"scroll","background-type":"","background-media":"","overlay-type":"","overlay-color":"","overlay-opacity":"","overlay-gradient":""},"mobile":{"background-color":"var(--ast-global-color-5)","background-image":"","background-repeat":"repeat","background-position":"center center","background-size":"auto","background-attachment":"scroll","background-type":"","background-media":"","overlay-type":"","overlay-color":"","overlay-opacity":"","overlay-gradient":""}},"footnotes":""},"class_list":["post-900","page","type-page","status-publish","hentry"],"aioseo_notices":[],"uagb_featured_image_src":{"full":false,"thumbnail":false,"medium":false,"medium_large":false,"large":false,"1536x1536":false,"2048x2048":false,"menu-thumb":false},"uagb_author_info":{"display_name":"josepclave@outlook.com","author_link":"https:\/\/bodbod.dscloud.biz\/wordpress\/author\/josepclaveoutlook-com\/"},"uagb_comment_info":0,"uagb_excerpt":"Nous avons organis\u00e9 un brunch pour le retour du mariage, ceux qui souhaitent y participer pourront nous rejoindre \u00e0 l&rsquo;h\u00f4tel Altafulla Mar Hotel. Si cela n&rsquo;est pas encore fait, veuillez indiquer les informations ci-dessous. Veuillez noter que le brunch commencera \u00e0 partir de 12h30.","_links":{"self":[{"href":"https:\/\/bodbod.dscloud.biz\/wordpress\/wp-json\/wp\/v2\/pages\/900","targetHints":{"allow":["GET"]}}],"collection":[{"href":"https:\/\/bodbod.dscloud.biz\/wordpress\/wp-json\/wp\/v2\/pages"}],"about":[{"href":"https:\/\/bodbod.dscloud.biz\/wordpress\/wp-json\/wp\/v2\/types\/page"}],"author":[{"embeddable":true,"href":"https:\/\/bodbod.dscloud.biz\/wordpress\/wp-json\/wp\/v2\/users\/1"}],"replies":[{"embeddable":true,"href":"https:\/\/bodbod.dscloud.biz\/wordpress\/wp-json\/wp\/v2\/comments?post=900"}],"version-history":[{"count":9,"href":"https:\/\/bodbod.dscloud.biz\/wordpress\/wp-json\/wp\/v2\/pages\/900\/revisions"}],"predecessor-version":[{"id":1145,"href":"https:\/\/bodbod.dscloud.biz\/wordpress\/wp-json\/wp\/v2\/pages\/900\/revisions\/1145"}],"wp:attachment":[{"href":"https:\/\/bodbod.dscloud.biz\/wordpress\/wp-json\/wp\/v2\/media?parent=900"}],"curies":[{"name":"wp","href":"https:\/\/api.w.org\/{rel}","templated":true}]}}