{"id":1149,"date":"2025-07-18T11:11:37","date_gmt":"2025-07-18T09:11:37","guid":{"rendered":"https:\/\/bodbod.dscloud.biz\/wordpress\/?page_id=1149"},"modified":"2025-07-18T13:40:45","modified_gmt":"2025-07-18T11:40:45","slug":"photos","status":"publish","type":"page","link":"https:\/\/bodbod.dscloud.biz\/wordpress\/photos\/","title":{"rendered":"Photos"},"content":{"rendered":"\n<p>Encore merci \u00e0 ceux qui ont d\u00e9j\u00e0 fait suivre leurs photos, vous trouverez ci-dessous le lien vous permettant de visualiser les moments forts de cette journ\u00e9e inoubliable \u00e0 nos yeux.<\/p>\n\n\n\n<p class=\"has-link-color wp-elements-0ac88ccb586076fe1687eabface9317c\">Lien vers les photos du mariage de Nelly &amp; Guillaume (<strong><a href=\"https:\/\/bodbod.dscloud.biz\/photo\/mo\/sharing\/MvTZM0jYg\" target=\"_blank\" rel=\"noopener nofollow sponsored ugc\" title=\"\">Cliquez ici<\/a><\/strong>)<\/p>\n\n\n\n<p><\/p>\n\n\n\n<p><\/p>\n\n\n\n<figure class=\"wp-block-image aligncenter size-full is-resized is-style-default\"><img loading=\"lazy\" decoding=\"async\" src=\"https:\/\/bodbod.dscloud.biz\/wordpress\/wp-content\/uploads\/2025\/07\/image.png\" alt=\"Photo\" class=\"wp-image-1151\" width=\"1196\" height=\"626\" srcset=\"https:\/\/bodbod.dscloud.biz\/wordpress\/wp-content\/uploads\/2025\/07\/image.png 793w, https:\/\/bodbod.dscloud.biz\/wordpress\/wp-content\/uploads\/2025\/07\/image-300x157.png 300w, https:\/\/bodbod.dscloud.biz\/wordpress\/wp-content\/uploads\/2025\/07\/image-768x402.png 768w\" sizes=\"auto, (max-width: 1196px) 100vw, 1196px\" \/><\/figure>\n\n\n\n<blockquote class=\"wp-block-quote is-layout-flow wp-block-quote-is-layout-flow\">\n<p>\u00ab\u00a0Vous pouvez regarder une image pendant une semaine et ne plus jamais y penser. Vous pouvez aussi regarder une image pendant une seconde et y penser toute votre vie.\u00a0\u00bb <\/p>\n<cite>Joan Miro<\/cite><\/blockquote>\n\n\n\n<p><\/p>\n","protected":false},"excerpt":{"rendered":"<p>Encore merci \u00e0 ceux qui ont d\u00e9j\u00e0 fait suivre leurs photos, vous trouverez ci-dessous le lien vous permettant de visualiser les moments forts de cette journ\u00e9e inoubliable \u00e0 nos yeux. Lien vers les photos du mariage de Nelly &amp; Guillaume (Cliquez ici) \u00ab\u00a0Vous pouvez regarder une image pendant une semaine et ne plus jamais y [&hellip;]<\/p>\n","protected":false},"author":1,"featured_media":0,"parent":0,"menu_order":0,"comment_status":"closed","ping_status":"closed","template":"","meta":{"_uag_custom_page_level_css":"","site-sidebar-layout":"default","site-content-layout":"","ast-site-content-layout":"default","site-content-style":"default","site-sidebar-style":"default","ast-global-header-display":"","ast-banner-title-visibility":"","ast-main-header-display":"","ast-hfb-above-header-display":"","ast-hfb-below-header-display":"","ast-hfb-mobile-header-display":"","site-post-title":"","ast-breadcrumbs-content":"","ast-featured-img":"","footer-sml-layout":"","theme-transparent-header-meta":"","adv-header-id-meta":"","stick-header-meta":"","header-above-stick-meta":"","header-main-stick-meta":"","header-below-stick-meta":"","astra-migrate-meta-layouts":"set","ast-page-background-enabled":"default","ast-page-background-meta":{"desktop":{"background-color":"var(--ast-global-color-4)","background-image":"","background-repeat":"repeat","background-position":"center center","background-size":"auto","background-attachment":"scroll","background-type":"","background-media":"","overlay-type":"","overlay-color":"","overlay-opacity":"","overlay-gradient":""},"tablet":{"background-color":"","background-image":"","background-repeat":"repeat","background-position":"center center","background-size":"auto","background-attachment":"scroll","background-type":"","background-media":"","overlay-type":"","overlay-color":"","overlay-opacity":"","overlay-gradient":""},"mobile":{"background-color":"","background-image":"","background-repeat":"repeat","background-position":"center center","background-size":"auto","background-attachment":"scroll","background-type":"","background-media":"","overlay-type":"","overlay-color":"","overlay-opacity":"","overlay-gradient":""}},"ast-content-background-meta":{"desktop":{"background-color":"var(--ast-global-color-5)","background-image":"","background-repeat":"repeat","background-position":"center center","background-size":"auto","background-attachment":"scroll","background-type":"","background-media":"","overlay-type":"","overlay-color":"","overlay-opacity":"","overlay-gradient":""},"tablet":{"background-color":"var(--ast-global-color-5)","background-image":"","background-repeat":"repeat","background-position":"center center","background-size":"auto","background-attachment":"scroll","background-type":"","background-media":"","overlay-type":"","overlay-color":"","overlay-opacity":"","overlay-gradient":""},"mobile":{"background-color":"var(--ast-global-color-5)","background-image":"","background-repeat":"repeat","background-position":"center center","background-size":"auto","background-attachment":"scroll","background-type":"","background-media":"","overlay-type":"","overlay-color":"","overlay-opacity":"","overlay-gradient":""}},"footnotes":""},"class_list":["post-1149","page","type-page","status-publish","hentry"],"aioseo_notices":[],"uagb_featured_image_src":{"full":false,"thumbnail":false,"medium":false,"medium_large":false,"large":false,"1536x1536":false,"2048x2048":false,"menu-thumb":false},"uagb_author_info":{"display_name":"josepclave@outlook.com","author_link":"https:\/\/bodbod.dscloud.biz\/wordpress\/author\/josepclaveoutlook-com\/"},"uagb_comment_info":0,"uagb_excerpt":"Encore merci \u00e0 ceux qui ont d\u00e9j\u00e0 fait suivre leurs photos, vous trouverez ci-dessous le lien vous permettant de visualiser les moments forts de cette journ\u00e9e inoubliable \u00e0 nos yeux. Lien vers les photos du mariage de Nelly &amp; Guillaume (Cliquez ici) \u00ab\u00a0Vous pouvez regarder une image pendant une semaine et ne plus jamais y\u2026","_links":{"self":[{"href":"https:\/\/bodbod.dscloud.biz\/wordpress\/wp-json\/wp\/v2\/pages\/1149","targetHints":{"allow":["GET"]}}],"collection":[{"href":"https:\/\/bodbod.dscloud.biz\/wordpress\/wp-json\/wp\/v2\/pages"}],"about":[{"href":"https:\/\/bodbod.dscloud.biz\/wordpress\/wp-json\/wp\/v2\/types\/page"}],"author":[{"embeddable":true,"href":"https:\/\/bodbod.dscloud.biz\/wordpress\/wp-json\/wp\/v2\/users\/1"}],"replies":[{"embeddable":true,"href":"https:\/\/bodbod.dscloud.biz\/wordpress\/wp-json\/wp\/v2\/comments?post=1149"}],"version-history":[{"count":6,"href":"https:\/\/bodbod.dscloud.biz\/wordpress\/wp-json\/wp\/v2\/pages\/1149\/revisions"}],"predecessor-version":[{"id":1158,"href":"https:\/\/bodbod.dscloud.biz\/wordpress\/wp-json\/wp\/v2\/pages\/1149\/revisions\/1158"}],"wp:attachment":[{"href":"https:\/\/bodbod.dscloud.biz\/wordpress\/wp-json\/wp\/v2\/media?parent=1149"}],"curies":[{"name":"wp","href":"https:\/\/api.w.org\/{rel}","templated":true}]}}